y be (87/174)/(-1 + (-15)/(-14)). Let v(h) = 0*h - 3*h + 5*h + 7*h - 30. Is v(y) a prime number?
False
Suppose 0 = -2*z - q + 12260, z - 573 = 5*q + 5568. Is z composite?
False
Suppose 153*q - 151*q - 51672 = 2*a, 0 = 5*q + 3*a - 129188. Is q composite?
True
Suppose 0 = 3*k - 5*g + 24354 + 65509, 5*g - 119824 = 4*k. Let w = -5470 - k. Is w a composite number?
True
Let h(c) = -2*c - 19. Let b be h(7). Let n(f) = f**3 + 85*f**2 + 161*f + 14. Is n(b) a prime number?
True
Let v = 68 - 66. Suppose b - 4*i - 615 = i, 1282 = v*b + 3*i. Is b prime?
False
Let a(y) be the third derivative of 93*y**5/10 - y**4/6 + y**3/2 - 18*y**2. Let b be a(2). Suppose -c + 2*k + b = 0, 5*k + 625 = -c + 2866. Is c a prime number?
False
Is (477/27 - -3)/(10/208965) a prime number?
False
Suppose -f = 4*o - 13 - 26, 0 = -5*f + o + 90. Let l(u) = 10764*u + 16. Let a be l(f). Is (-2)/(-15) - a/(-60) a composite number?
True
Let c(m) = 61225*m**2 - 22*m - 24. Is c(-1) prime?
True
Suppose 49359496 + 22720471 = 241*o. Is o prime?
True
Suppose -501015 = -13*i + 10*i - 3*d, -5*i + d + 835049 = 0. Is i composite?
False
Let g be -3*(-3)/(-36)*-20. Suppose g*s - 74 = 3*h - 0*h, -s + h = -16. Suppose 321 = 14*z - s*z. Is z a prime number?
False
Let i = -251406 - -353333. Is i a composite number?
True
Let y(v) = -3*v**3 + v**2 + 3*v + 1. Let o be y(-1). Suppose 12*z + o*z = 17626. Is z prime?
True
Suppose 16*k - 244564 = 12*k. Is k prime?
True
Suppose -1642919 = -31*q - 405120. Is q a prime number?
True
Let z(i) = -i + 1. Let d(v) = -250*v. Let p(k) = -d(k) - z(k). Let g = 226 + -224. Is p(g) a composite number?
True
Is (-145943)/(-14 + 27/9 - -10) prime?
False
Let x be 11/((-11)/(-2)) - (-118 + 2). Let w = 5 + -2. Suppose -128 = -w*o + x. Is o a composite number?
True
Let w = 1183298 + -679438. Is w/21 + 1/(-3) prime?
True
Let p = -50 + 67. Suppose 2836 = 19*d - p*d. Suppose -9*s + 7*s = -d. Is s a composite number?
False
Let c be 17/4 - (63/(-12))/7. Let f be (5 - c) + 0/2. Suppose f = w + 3*z - 197, -w = w + z - 384. Is w prime?
True
Is (-2)/(-33) - 1131628030/(-6270) a prime number?
False
Suppose 32*r = 27*r + 4*z + 556919, -4*r + 445546 = -5*z. Is r composite?
True
Suppose -2*v - 259 = 5*l - 0*v, -5*v = -l - 41. Is -1 - 448/((-202)/l + -4) a prime number?
True
Suppose -6*i + 71536 = -3*g - 897464, 5*i - 807509 = 4*g. Is i composite?
True
Suppose 0 = -21*c + 41*c - 128680. Is c a composite number?
True
Let h(j) = -1155*j - 4. Let d(v) = 5778*v + 20. Let w(x) = -2*d(x) - 11*h(x). Is w(2) a prime number?
False
Let c(t) = 8*t**3 - 7*t**2 - t + 1. Suppose -46 + 22 = -4*o. Let n be (-3)/(-2)*(16/o + 2). Is c(n) a prime number?
False
Is ((-2)/1)/((-6067749)/551613 + (-61 - -72)) prime?
True
Let x(s) = 937*s**2 - 169*s - 149. Is x(18) composite?
False
Suppose -k - 4*k - 4*d + 2 = 0, 3*d + 10 = 2*k. Suppose -2*u = 2*u + k*a - 25804, 6433 = u - 4*a. Is u composite?
False
Let x be -2 + 75 + -4 + -3. Is (-2 + 16148/(-24))/((-11)/x) composite?
False
Let r = 352607 - 125578. Is r prime?
False
Let b(d) = 879*d**3 - 53*d**2 + 165*d - 17. Is b(4) a prime number?
False
Suppose 73*h - 5183430 = 21*h + 22*h. Is h prime?
False
Suppose -5*g - 1809 = -p + 2*p, 4*p + 7308 = -2*g. Let q be ((-1041)/4)/(3/(-72)). Let a = p + q. Is a a composite number?
True
Let i(t) = -t**3 + 7*t**2 - 12*t - 4. Let g be i(-10). Suppose q = g - 435. Is q prime?
True
Is 894*8/(-16)*-3*(-1371)/(-27) composite?
True
Let k(f) be the first derivative of -35*f**4/2 + f**3 + 5*f + 29. Is k(-4) a prime number?
False
Let p = -44 - -41. Let a = 9 + p. Suppose -a*i + 19781 = -5845. Is i a composite number?
False
Is (140373/(-324))/(2*(-2)/1808) a composite number?
True
Let k(v) = 217*v**2 + v - 6. Let m be k(-6). Suppose 12*n = 7*n + m. Let b = n - 1031. Is b prime?
False
Let h be (-4)/(2 + 30/(-9)). Let c be 63/4 + h/12. Suppose 0 = 14*x - c*x + 1778. Is x a composite number?
True
Suppose -5*i = -7*i - 3*d + 344015, i = 5*d + 172040. Is i prime?
False
Let s = -250 - -253. Let r(g) = 168*g**2 + g - 8. Is r(s) a prime number?
False
Suppose -5*b + 3*c = -4*b + 4, 2*c + 19 = 5*b. Suppose 2*x + 3 = -2*o - 1, 2*o - b*x = -32. Is (0 + 1)/(o/(-3438)) prime?
False
Let y(w) = -1473*w**3 + w**2 + 5. Let s be y(2). Let o = -3497 - s. Is o a composite number?
True
Let q(j) = j**3 + j**2 + 18*j + 128981. Is q(0) composite?
False
Suppose -126*d = -1525309 - 3492137. Is d a composite number?
False
Let i be (-6 + 7)/((-1)/(-6)). Let b(l) = 119*l - 6. Let c be b(14). Suppose 2*m = i*m - c. Is m composite?
True
Suppose 0 = -2*d + 6*d + 108. Let s(f) = -13*f + 76. Let b be s(d). Let x = 1104 - b. Is x a composite number?
False
Let d(b) = -25561*b - 1793. Is d(-6) composite?
False
Suppose -7*m = 3*m + 2210. Let x = m - -380. Suppose x = 6*y - 3*y. Is y prime?
True
Suppose -l = 11*l + 48. Let q(r) = 664*r**2 - 12*r - 26. Is q(l) a composite number?
True
Suppose -46*b + 86*b - 37031560 = 0. Is b prime?
True
Let b = -5878 - -10292. Is b composite?
True
Let d(n) = -n + 6. Let w be d(2). Suppose -w*p = -5*r + p + 22940, 0 = r + p - 4598. Suppose i = 2*j + 3829, -19919 = -4*i + 3*j - r. Is i a composite number?
False
Let a(w) = 194*w - 2924. Let c be a(15). Suppose 7*l = 3*l + 8. Is 29652/c*2*l/(-12) prime?
False
Suppose 82*w = 3322431 + 15596527. Is w composite?
False
Let r(l) = 5402*l - 2579. Is r(41) a composite number?
True
Let w(k) = -2*k**3 + 14*k**2 - 4*k + 14. Let z be w(7). Is (2 - (-8771)/z)*-2 composite?
False
Let o(f) = 7*f**3 + 4*f**2 - 5*f + 4. Let w be o(-5). Let z(r) = -222*r + 45. Let d be z(-3). Let c = d - w. Is c prime?
False
Let c = -186119 + 298386. Is c composite?
True
Let d(x) = 193*x + 49. Let w be d(6). Suppose 4*b + 5*a - w = 3*b, 3*b - 3685 = a. Is b prime?
False
Suppose -8 = -8*g + 6*g, -g = -5*o + 46. Let u = o - 6412. Is (u/9)/(6/(-9)) composite?
True
Is (-3 - 2) + (-1286416)/(-22) + (-450)/(-825) prime?
False
Suppose 0 = -4*s + 3*y + 94, y = s - 4 - 19. Suppose -s*a + 66472 = 2697. Is a prime?
True
Let g = 2 + -57. Let u = 58 + g. Is (557/u)/((-4)/(-72)*6) composite?
False
Let l(j) = 1189*j**2 + 10*j - 12. Let m(h) = -594*h**2 - 5*h + 5. Let u(g) = -3*l(g) - 7*m(g). Is u(-1) a composite number?
False
Let d = 216 - 210. Suppose d*f = 10*f - 3268. Is f prime?
False
Let f(r) = 158*r**2 - 19*r - 38. Let l be f(-4). Let i = -233 + l. Is i prime?
True
Let c(n) = -n + 2. Let j(w) = -36*w - 30. Let o(z) = -5*c(z) + j(z). Is o(-2) prime?
False
Let n(p) = 35632*p - 313. Is n(6) prime?
False
Suppose 0 = 5*t + k + 8815, -6*t + 2*t + 4*k = 7052. Let l = -507 - t. Let h = 3015 - l. Is h prime?
True
Suppose -4*i = -w - 30, -8 = -2*i + 4*w - 7*w. Let m(j) = 8*j**2 + 5*j - 4. Let h be m(-4). Suppose i*o - h = -o. Is o composite?
False
Let t = -15 - -1. Let q(v) = -8*v**2 + 29*v + 2*v**2 + 2*v**2 + 1 + 8*v**2. Is q(t) a prime number?
True
Is (280/30 - 10)*263766/(-4) a prime number?
True
Suppose -6*c = -2*c - 56. Suppose -c*y + 23870 = -105784. Let i = y + -5354. Is i composite?
False
Let q = -3 + -122. Let o = 195 + q. Let m = o + 27. Is m a composite number?
False
Let r(l) = -297*l - 77*l + 125*l + 10. Is r(-19) a composite number?
True
Is ((-10)/4)/((-3)/(-612258))*21/(-105) a composite number?
False
Let d(u) = 12889*u - 183. Is d(6) composite?
True
Let p(a) = 1027*a + 1097. Is p(44) composite?
True
Suppose -31*n + 50*n - 2129881 = 0. Is n a prime number?
False
Let j be (2 + 1115/(-10))*4. Is j/(-14) - 10/35 a prime number?
True
Is 1*(-13 - -2 - -1 - -173259) a composite number?
False
Let j = -96 + 124. Let h = j - 23. Is (h/(35/2))/((-4)/(-15596)) a prime number?
False
Let f be (-5)/(-2) + 10/4. Let p(n) = -n**3 + 6*n**2 - 5*n + 4. Let d be p(f). Is (d + -198)/((-6)/15) a prime number?
False
Suppose -5*b + 12*x = 9*x - 266627, 0 = -3*b + 5*x + 159957. Is b a composite number?
True
Suppose 5*i = 8*j - 5*j + 37, -3*j - 29 = -4*i. Is 1*334 - (-8 - i/(-1)) a prime number?
False
Suppose -140*y - 275049 = -2277749. Is y a composite number?
True
Let h be 57/9 + 1/(-3). Suppose -9*u + h*u + 6 = 0. Suppose 495 + 1047 = u*q. Is q a composite number?
True
Let r = 36346 - 15773. Is r prime?
False
Let i(n) = -1927929*n - 412. Is i(-1) composite?
True
Let g be 8 - (-189)/(-24) - 30/(-16). Is (g - 1)*(9113 - 6) a prime number?
False
Is (-9)/(9/(-2))*